aluate 4 + -1 - (-2 - (4 + -11)).
-2
Evaluate 29 - 21 - (5 + -2).
5
Calculate 5 - 2 - (-1 + 5 - 0).
-1
What is the value of 5 + 0 + -8 + 11?
8
What is the value of (1 + 1 - 2) + -3 + 7?
4
What is -6 + 0 - (21 - 25)?
-2
2 + 0 + -11 + -2 + 12
1
What is -5 + (5 - (-9 - -5))?
4
What is 7 - 13 - (2 - 12)?
4
What is (-6 - -13) + 5 + -9?
3
-6 + 14 + -3 + (-5 - -5)
5
(2 - -1 - (10 - 8)) + -3
-2
Evaluate (3 - 4) + (-3 - (-7 + -2)).
5
What is the value of 1 - (4 - (-5 + 6))?
-2
Evaluate 0 + (-1 - -1 - -2).
2
What is the value of -2 + (-18 + 10 - (-1 + -1))?
-8
Evaluate 61 + -64 + -5 + 0.
-8
Calculate 1 + (-5 - -1 - -6) + -2.
1
What is (-8 - -9) + -4 + 0?
-3
Evaluate (-10 - -1) + 18 + -13.
-4
What is the value of 0 + (0 - (1 + -3))?
2
Evaluate -11 + 15 - (-4 - -6).
2
What is the value of -5 + 3 + 0 - -6?
4
Calculate -20 + 23 - (-2 + 9).
-4
What is the value of -5 + 6 - (10 - 9)?
0
What is the value of 1 - (1 + -1) - (2 - 1)?
0
Calculate 2 - (-6 - (2 + 1 + -8)).
3
What is the value of (-8 - -2 - -4) + 2?
0
Evaluate -2 + -9 + 8 - -2.
-1
Evaluate (5 + -2 - -1) + 45 + -54.
-5
What is 8 + -11 - (2 + 0 + 1)?
-6
Calculate (-1 - -1) + (6 + 2 - 4).
4
What is the value of (6 - -2) + (-4 - -4)?
8
(3 - 0 - (0 - -1)) + -4
-2
2 + 3 + (10 - 14)
1
What is (9 - -1) + (1 - (-3 - -9))?
5
What is -2 - ((-5 - -2) + 3 + -9)?
7
Evaluate -3 - (1 + -2) - (1 - 4).
1
Calculate 0 - (3 - -4 - 4).
-3
What is the value of 19 + -8 + -7 + -6 + -1?
-3
What is the value of 3 - (2 - (-2 + 5))?
4
What is the value of (-7 - -4) + -4 + (-3 - -9)?
-1
What is -14 - (-8 + 0) - (-4 + 5)?
-7
Evaluate (-22 - -28) + (-1 - 0).
5
Evaluate -6 + 1 - (-3 - 4).
2
Evaluate 3 + -10 + 0 + 3 - -6.
2
What is the value of (1 - 1) + 0 - (-4 - 0)?
4
Evaluate 1 + (0 - 0 - 2) - 1.
-2
Calculate -4 - (-12 + (1 + -8 - -15)).
0
What is -5 - 1 - (-6 - -5)?
-5
What is 2 - (-1 + -7) - (7 - 1)?
4
Calculate -6 - (-11 + 2 + 2).
1
What is -2 + (-2 - 0) - (3 - 2)?
-5
Calculate (2 - (-1 + 2)) + -3.
-2
4 - 6 - 3 - -7
2
Calculate 10 - (3 + -4) - (-10 + 16).
5
What is -1 + 1 + 1 + 1?
2
What is the value of -2 - (-1 + (5 - 5 - -5))?
-6
Evaluate -3 + 7 + 0 - 1 - 5.
-2
Calculate (-23 - (-21 - -11)) + 9.
-4
Calculate -4 + 5 + -2 + 7 + -9.
-3
Evaluate -3 + -4 + -2 + 4.
-5
What is (4 - 1) + 0 + 0?
3
Calculate (-3 - -6) + (0 - 2).
1
What is 4 - (2 + -2 - 6) - 5?
5
Calculate -9 - (5 + -1 + -8) - -1.
-4
Calculate (-2 - 1) + (-16 + 17 - -2).
0
What is the value of -2 - 1 - (-18 - -13)?
2
10 - (-6 + 6 - -6)
4
Evaluate 39 + -34 + (-18 - 0) - -6.
-7
What is -6 + -8 + 8 - -6?
0
What is the value of -6 + 11 - 15 - -6?
-4
What is (-1 - 0) + (3 + -4 - -6)?
4
-2 + 9 + -13 + 6
0
0 + 2 + 1 + 2
5
2 + (4 - (7 + -9)) + 2
10
Calculate (4 - 4) + 0 + 0.
0
(2 - (4 - -3)) + 3
-2
What is the value of -3 - ((4 - -2) + -4)?
-5
Evaluate (-4 - (-4 + 8)) + 10 + 2.
4
What is the value of 6 + -2 + (4 + -2 - 2)?
4
Evaluate -2 + -2 - (-13 + 5) - 0.
4
Calculate 1 + -1 + 48 + -42.
6
What is the value of 4 - (-12 - (2 - 14))?
4
What is (0 - (8 + -3)) + 1?
-4
Calculate 14 - (4 - (-11 + 3)).
2
What is the value of (3 - -1) + -5 + -1 + 6?
4
Evaluate 129 + -132 - ((-8 - 1) + 2).
4
What is the value of -1 + -1 - (10 - 13)?
1
What is the value of -5 - -5 - (0 + -4)?
4
-5 + -4 - (4 + 0 + -8)
-5
What is -22 + 4 + -5 + 13?
-10
1 - (2 - (1 - (-1 + -3)))
4
What is -1 + -8 - -12 - (8 - 0)?
-5
Calculate -9 + 10 - (2 + 1) - 3.
-5
Evaluate (-2 - (-6 - -3)) + (0 - -2).
3
What is the value of 2 - (9 + 2 - 9)?
0
What is the value of -3 + (1 + 5 + -4 - -1)?
0
Calculate -4 - (-9 - (-4 - (2 - 2))).
1
What is the value of 3 + -2 - (-3 + 4)?
0
What is the value of -17 + (3 - 1) + 2 + 6?
-7
-3 - (17 + -25 + 2 + -1)
4
What is the value of (0 + -1 - (2 - 3)) + 2?
2
Evaluate -4 - (-16 - (-10 - -5)).
7
Calculate 19 + -20 + (3 - -6).
8
Evaluate -5 + 1 + (4 - -5).
5
What is the value of (4 - 3) + -5 + 2?
-2
What is the value of 1 + (-5 - (-5 + (1 - 4)))?
4
What is -44 - -37 - (-1 - 2)?
-4
Evaluate 5 - (2 - 1 - 0) - -1.
5
(-9 - -4 - -14) + -12
-3
Calculate 2 + -1 + 1 + -2 + 3.
3
Calculate -3 - (-3 + (-3 - -3)).
0
Calculate -5 - -2 - -5 - -2.
4
What is 0 + 2 + (-1 - (-3 - -4))?
0
What is -6 - (1 - (6 + -4))?
-5
What is -4 + 0 + (1 - -1)?
-2
-2 + 0 + (7 - (4 - 4))
5
Evaluate (0 - -1) + 3 + 1 + 0.
5
-1 + -3 + -1 + 2 + 2
-1
Evaluate (6 + -3 - 0) + (8 - 10).
1
What is the value of 1 - (1 - (4 + -1))?
3
What is (2 - -1) + -30 + 21?
-6
Calculate 3 - ((11 - -4) + -1) - -6.
-5
What is (0 - 5) + 33 + -15 + -8?
5
Calculate 6 + -1 - (-2 + 13).
-6
Evaluate 9 + (-4 + 2 - 2) + 3.
8
What is the value of -33 - -37 - (1 + -1 + 0)?
4
Evaluate 4 + (-1 - (7 - 4)).
0
What is the value of 1 - -2 - (9 - 11) - 0?
5
What is 3 - -4 - (10 + -2 - 5)?
4
Calculate 12 + -8 - (-2 - -3).
3
-73 + 72 + (8 - 0 - 2)
5
(-14 - -10) + 1 + 7
4
What is the value of 6 - (-5 + 1 + (0 - -7))?
3
Evaluate -7 - -1 - (-2 + 2 + -1).
-5
What is the value of (-2 - -4) + (-2 - -6) + -2?
4
3 + (3 - 3) + -10
-7
1 + (-12 + 11 - -6)
6
Calculate 8 - (-5 - 3 - -8).
8
Evaluate (-1 - 6) + 2 + 2.
-3
What is the value of (0 - 5) + -2 + -6 + 8?
-5
-6 - (4 + -13 + 1)
2
What is 6 + -3 + -4 + 3?
2
What is -7 + (4 - -7) + -9?
-5
What is -1 + 10 + -7 - 9?
-7
What is -6 - -10 - 1 - 10 - 0?
-7
Evaluate 3 - (5 - (2 + -1 + 3)).
2
(-8 - -5) + (-3 + -1 - -7)
0
What is (8 - -1 - 5) + (-4 - 1)?
-1
Calculate -5 + 2 + (-6 - -4) - -5.
0
(1 - 6) + (-6 - -8) + 0
-3
Calculate -6 - -2 - (-1 + 0).
-3
(2 - 0) + -61 + 59
0
What is 2 + 3 + -7 - (-4 + 0)?
2
What is 1 + 0 - (-1 + -2 + 8)?
-4
6 + -5 + 6 - 4 - 1
2
7 - 8 - (-1 + -1 + 3)
-2
What is the value of -2 + -3 - (-6 - -3 - 2)?
0
Evaluate -4 + 4 - (2 + 0 + 1).
-3
What is -3 + (8 - 0) - 10?
-5
What is 6 + -14 + -2 + 10 + -2?
-2
-1 + 1 - (-8 - -8)
0
What is the value of -1 + -7 - (19 - 23) - -9?
5
Calculate 1 - 1 - (27 - 26).
-1
Evaluate (-6 + 5 - (2 - -1)) + -1.
-5
Evaluate 4 + 8 + -9 - -2.
5
What is the value of 13 + (3 - 9) + -7?
0
What is the value of 3 - (-3 + 18 + -5) - -2?
-5
-5 - 0 - (36 + -47)
6
Calculate 6 + -3 + (-2 - -3).
4
Evaluate 7 - (15 - (8 + (4 - 5))).
-1
What is the value of -6 - (-13 + 5) - -5?
7
0 - (0 - -5) - (65 + -72)
2
Calculate (2 - 5) + 1 + 4 + -5.
-3
Evaluate 2 - ((6 - 5) + -2).
3
Evaluate (2 - (8 + -2)) + -1.
-5
Calculate (-81 - -79) + (0 - -2).
0
Calculate 5 - (15 + (-5 - 2)).
-3
Evaluate 7 + (1 + 0 + -2 - 3).
3
Calculate 2 - (1 - -6 - 3).
-2
(-4 - 0) + 4 + -5
-5
Evaluate (2 - -8) + (-6 - 0).
4
Calculate -1 + -5 + 9 + 2.
5
Evaluate (3 - -3 - 2) + -8.
-4
What is the value of -11 + 0 - (-5 - 2)?
-4
What is the value of 3 + 1 + (4 - 3)?
5
Calculate (-1 - (-4 + -1)) + -4.
0
What is (-16 + 9 - -5) + 5?
3
Calculate 2 + 8 + 12 + -17.
5
-1 + (-1 - -4 - 1)
1
Calculate -5 + (8 - 3) + 0.
0
11 - (-9 - (-24 - 4))
-8
Evaluate 4 + -6 + (-1 - -6).
3
Calculate (11 - 2) + -13 + -2 + 3.
-3
Evaluate 3 - (-15 - -9 - -3).
6
Calculate 1 - -2 - (5 + -7).
5
What is the value of 40 + -29 + (-11 - -2)?
2
(2 - 3) + (3 - 4)
-2
-1 + -3 + (1 - 1)
-4
-2 + 4 - 0 - (5 + -4)
1
Evaluate (4 - -1) + (-3 - -3 - 4).
1
11 + 8 + (-11 - 12)
-4
What is -4 + -2 - (-5 + (-4 - -11))?
-8
Calculate 0 + -1 + 56 + -56.
-1
Evaluate 23 + -8 - (-8 - -3 - -10).
10
Calculate 5 + -4 + -4 + 4.
1
Evaluate 1 + 0 - (-11 + 18).
-6
Calculate 3 - (-8 + 9 + -4).
6
What is the value of -62 - -72 - (-2 + 12)?
0
What is the value of -11 + 15 + 9 - 6?
7
What is 3 - (3 - (-2 + -1))?
-3
Calculate -1 + -4 + -1 + 5.
-1
Evaluate -10 - -16 - (-6 + 17).
-5
Evaluate -4 + 7 + (4 - 6).
1
What is the value of (-1 - 0) + 3 + -6?
-4
What is 5 - (4 - 1) - (5 + -1)?
-2
3 + 0 + 2 + -2 + -1
2
Evaluate (-15 - -12) + (2 - (5 + -10)).
4
Calculate (-2 - (-1 - -1)) + 1.
-1
What is the value of 0 - (-2 + 2) - (-13 - -9)?
4
Evaluate 4 - (0 + 1 + -2).
5
What is 1 - (0 + -1) - 6?
-4
Calculate 0 - (-1 + 1 - (3 + -8)).
-5
What is 1 - -1 - -2 - 3 - -4?
5
What is the value of -6 + 1 + 7 + -11?
-9
Evaluate -2 - 1 - (-5 + 2).
0
What is the value of 0 + 0 + 1 - (2 - -1)?
-2
What is the value of 7 + -6 + -8 + 3?
-4
Evaluate -6 - (8 - (28 - 8)).
6
Calculate -7 + 20 + -10 - 13.
-10
Evaluate (-3 - 1) + 1 + 0 + 2.
-1
What is 1 - (2 + -9 + 12)?
-4
Calculate 1 - (-1 + (15 - 7) + -5).
-1
What is 0 - (-8 - (-7 - -1))?
2
Calculate -1 - 4 - ((-10 - 1) + 13).
-7
3 - ((-6 - -12) + 2)
-5
What is the value of -26 + 24 